s 12212803 prime?
False
Is 2422777 a composite number?
True
Is 20146549 a composite number?
True
Is 188095 a prime number?
False
Is 30249057 a prime number?
False
Is 19340857 a prime number?
False
Is 76315445 composite?
True
Is 843191 a composite number?
True
Is 31368019 composite?
False
Is 109952165 composite?
True
Is 8734469 a prime number?
True
Is 2679811 a composite number?
False
Is 73357 composite?
True
Is 9796399 a composite number?
True
Is 6978571 a prime number?
False
Is 99895 a prime number?
False
Is 1378667 a composite number?
True
Is 451093 prime?
True
Is 361409 composite?
False
Is 5097647 a prime number?
True
Is 3028507 composite?
False
Is 3695773 composite?
False
Is 869681 a prime number?
False
Is 607835647 prime?
True
Is 2489687 composite?
False
Is 269651653 prime?
False
Is 6475387 a prime number?
True
Is 1934591 a composite number?
True
Is 67481627 a composite number?
False
Is 1501711 composite?
True
Is 2787843 a composite number?
True
Is 6594191 prime?
True
Is 44250243 a prime number?
False
Is 48032347 composite?
True
Is 69727361 a composite number?
True
Is 12614417 composite?
False
Is 111787 prime?
False
Is 16693147 a prime number?
False
Is 542803 a composite number?
True
Is 39847911 composite?
True
Is 729077 a composite number?
True
Is 3908287 a composite number?
False
Is 50537699 a composite number?
True
Is 28778551 a prime number?
True
Is 589509923 composite?
True
Is 1074041 composite?
False
Is 7306711 prime?
True
Is 4786655 composite?
True
Is 33426791 prime?
True
Is 6589883 prime?
True
Is 44955383 a composite number?
True
Is 17268077 a composite number?
True
Is 77404034 composite?
True
Is 1365821 composite?
False
Is 6959083 a prime number?
True
Is 2601451 composite?
False
Is 401383883 composite?
False
Is 6316081 prime?
False
Is 127214323 a composite number?
False
Is 224910091 composite?
True
Is 1517603 a prime number?
True
Is 511595677 composite?
False
Is 238522943 a prime number?
False
Is 104816693 a composite number?
False
Is 11945797 composite?
False
Is 20445731 a prime number?
False
Is 91939 a composite number?
False
Is 250310639 composite?
False
Is 2479749 a prime number?
False
Is 98972477 a prime number?
True
Is 63989 a composite number?
True
Is 7209185 a composite number?
True
Is 3255293 a prime number?
True
Is 48823763 prime?
True
Is 757906 composite?
True
Is 1788827 composite?
False
Is 46444127 composite?
True
Is 54213293 composite?
False
Is 430733 a composite number?
True
Is 14548409 a composite number?
False
Is 10219033 composite?
True
Is 12534103 a prime number?
False
Is 7341787 a prime number?
False
Is 48283891 composite?
True
Is 4395571 a composite number?
True
Is 960709 a prime number?
True
Is 25200163 a prime number?
True
Is 866309 a composite number?
False
Is 1370431 prime?
True
Is 3802765 prime?
False
Is 139729297 prime?
False
Is 147834707 composite?
True
Is 65128753 a composite number?
True
Is 284666831 a prime number?
False
Is 21452239 composite?
True
Is 4732571 a prime number?
False
Is 12620995 a composite number?
True
Is 357376021 prime?
True
Is 24752341 composite?
True
Is 183215243 a prime number?
False
Is 75513503 a composite number?
True
Is 5397421 composite?
True
Is 42661201 prime?
False
Is 26330383 composite?
True
Is 7444027 a prime number?
True
Is 875579 prime?
True
Is 20344357 a prime number?
False
Is 1343759 a prime number?
True
Is 1385743 a composite number?
False
Is 264097447 a composite number?
False
Is 15288649 prime?
True
Is 4727503 prime?
False
Is 849586901 composite?
True
Is 16641499 a composite number?
True
Is 18690917 a composite number?
True
Is 292897 prime?
False
Is 74580409 prime?
True
Is 19645633 a composite number?
True
Is 55070443 a prime number?
True
Is 8001299 a composite number?
True
Is 52753573 a prime number?
True
Is 225619727 a composite number?
True
Is 129980111 composite?
False
Is 24554689 composite?
False
Is 424919 a composite number?
True
Is 16972429 prime?
True
Is 153213857 prime?
True
Is 2876717 composite?
False
Is 60985 a prime number?
False
Is 16341133 prime?
True
Is 256255058 a composite number?
True
Is 14459519 prime?
False
Is 367543 prime?
False
Is 6868831 a prime number?
False
Is 24302849 a composite number?
True
Is 173701859 composite?
True
Is 1033031 a prime number?
False
Is 16211729 a prime number?
False
Is 58040857 a composite number?
True
Is 444373 prime?
False
Is 2406895 composite?
True
Is 27150803 a prime number?
True
Is 817665263 prime?
False
Is 892183 a prime number?
False
Is 4353949 composite?
False
Is 6143167 a composite number?
False
Is 68244895 composite?
True
Is 37381811 a prime number?
True
Is 39790939 composite?
False
Is 46025939 prime?
False
Is 103022681 a composite number?
True
Is 9016883 prime?
False
Is 1197649 a prime number?
True
Is 4221563 composite?
False
Is 1803137 composite?
True
Is 110848555 a composite number?
True
Is 8184291 prime?
False
Is 123203 composite?
False
Is 34177607 prime?
False
Is 7610627 composite?
False
Is 140784431 composite?
False
Is 11924783 prime?
False
Is 1527010337 a prime number?
True
Is 8606083 a composite number?
True
Is 36142399 a prime number?
False
Is 546593 a composite number?
True
Is 59170777 a composite number?
True
Is 7238879 a composite number?
False
Is 95395205 prime?
False
Is 37834361 composite?
False
Is 2384561 prime?
True
Is 24270313 composite?
True
Is 271654027 composite?
False
Is 1386493 a composite number?
True
Is 31099399 a prime number?
True
Is 33050722 a prime number?
False
Is 831432469 a composite number?
True
Is 116198773 a prime number?
True
Is 375458282 a composite number?
True
Is 2616527 a composite number?
True
Is 381569 a prime number?
True
Is 7770131 a prime number?
True
Is 1192213183 a prime number?
False
Is 5197397 composite?
False
Is 178501501 a composite number?
True
Is 1229807 a prime number?
True
Is 28837153 prime?
True
Is 1147963 a prime number?
False
Is 99975311 a composite number?
True
Is 322131 a prime number?
False
Is 59921 prime?
True
Is 26392733 prime?
True
Is 115660947 composite?
True
Is 469841 composite?
False
Is 54059429 a prime number?
True
Is 307891 composite?
False
Is 200329337 a composite number?
True
Is 352117 a composite number?
True
Is 110318627 a composite number?
True
Is 34490873 composite?
True
Is 5722069 prime?
True
Is 7356839 composite?
True
Is 560719 a prime number?
True
Is 194749979 a composite number?
False
Is 986243 a composite number?
True
Is 14932655 prime?
False
Is 7875547 a composite number?
True
Is 40046521 composite?
False
Is 2597809 prime?
True
Is 221666813 prime?
False
Is 1187669 a composite number?
True
Is 32386994 a prime number?
False
Is 681798199 a composite number?
True
Is 876391 prime?
False
Is 7076221 a composite number?
False
Is 136999 composite?
False
Is 2890889 a composite number?
False
Is 3991942 a composite number?
True
Is 5244419 composite?
True
Is 2623889 prime?
False
Is 101282029 a prime number?
False
Is 238338901 a prime number?
False
Is 184363807 prime?
True
Is 209455993 prime?
True
Is 264263 composite?
False
Is 170089867 a prime number?
True
Is 522781795 composite?
True
Is 4188541 composite?
True
Is 2195047 a prime number?
True
Is 165749 a composite number?
False
Is 138477557 a composite number?
True
Is 1573183 a prime number?
True
Is 1858603 composite?
False
Is 18778561 a composite number?
False
Is 28139957 composite?
False
Is 123943279 prime?
True
Is 400951 prime?
False
Is 2554521 a prime number?
False
Is 4365623 composite?
False
Is 405173 a prime number?
False
Is 1933571 composite?
False
Is 28537 prime?
True
Is 10673237 prime?
True
Is 90418009 prime?
False
Is 94337417 a composite number?
False
Is 312644401 a composite number?
False
Is 22663213 a prime number?
True
Is 5537299 a composite number?
True
Is 82844941 composite?
True
Is 546373493 composite?
False
Is 1512577 a composite number?
True
Is 86422181 composite?
False
Is 111568813 a prime number?
True
Is 503959 prime?
True
Is 55342685 a composite number?
True
Is 1785301 composite?
True
Is 125955419 prime?
False
Is 2553787 a composite number?
True
Is 2157371 prime?
False
Is 605073669 prime?
False
Is 3203807 composite?
False
Is 17905991 a composite number?
False
Is 82861661 a composite number?
False
Is 6988717 a composite number?
True
Is 50765543 composite?
False
Is 13622